{"id":526,"date":"2022-06-28T15:14:26","date_gmt":"2022-06-28T13:14:26","guid":{"rendered":"https:\/\/allezlou.fr\/astrid\/?post_type=product&#038;p=526"},"modified":"2023-03-25T18:00:19","modified_gmt":"2023-03-25T17:00:19","slug":"affichette-bapteme-jean-baptiste","status":"publish","type":"product","link":"https:\/\/allezlou.fr\/astrid\/produit\/affichette-bapteme-jean-baptiste\/","title":{"rendered":"Affichette bapt\u00eame Jean-Baptiste"},"content":{"rendered":"<p>Cette jolie affichette constituera un cadeau tout aussi d\u00e9coratif qu&rsquo;encourageant pour la foi du nouveau baptis\u00e9.<\/p>\n<p>Le verso laisse une place pour un mot souvenir, et replace le verset du recto dans son contexte par un extrait biblique.<\/p>\n<p>&#8211;<\/p>\n<p>Imprim\u00e9 sur un \u00e9l\u00e9gant papier textur\u00e9 In Cr\u00e9a Tradition 250gr.<\/p>\n<p>Format 18*24 cm pour un encadrement plus facile (cadre non fourni).<\/p>\n<p>&nbsp;<\/p>\n","protected":false},"excerpt":{"rendered":"<p>Affichette cadeau de bapt\u00eame<\/p>\n<p>Papier textur\u00e9 In Cr\u00e9a Tradition 250gr<\/p>\n<p>Impression recto-verso &#8211; Format 18*24 cm<\/p>\n","protected":false},"featured_media":527,"template":"","meta":[],"product_brand":[],"product_cat":[40],"product_tag":[],"class_list":{"0":"post-526","1":"product","2":"type-product","3":"status-publish","4":"has-post-thumbnail","6":"product_cat-baptemes","7":"product_shipping_class-500gr","9":"first","10":"instock","11":"shipping-taxable","12":"purchasable","13":"product-type-simple"},"_links":{"self":[{"href":"https:\/\/allezlou.fr\/astrid\/wp-json\/wp\/v2\/product\/526","targetHints":{"allow":["GET"]}}],"collection":[{"href":"https:\/\/allezlou.fr\/astrid\/wp-json\/wp\/v2\/product"}],"about":[{"href":"https:\/\/allezlou.fr\/astrid\/wp-json\/wp\/v2\/types\/product"}],"wp:featuredmedia":[{"embeddable":true,"href":"https:\/\/allezlou.fr\/astrid\/wp-json\/wp\/v2\/media\/527"}],"wp:attachment":[{"href":"https:\/\/allezlou.fr\/astrid\/wp-json\/wp\/v2\/media?parent=526"}],"wp:term":[{"taxonomy":"product_brand","embeddable":true,"href":"https:\/\/allezlou.fr\/astrid\/wp-json\/wp\/v2\/product_brand?post=526"},{"taxonomy":"product_cat","embeddable":true,"href":"https:\/\/allezlou.fr\/astrid\/wp-json\/wp\/v2\/product_cat?post=526"},{"taxonomy":"product_tag","embeddable":true,"href":"https:\/\/allezlou.fr\/astrid\/wp-json\/wp\/v2\/product_tag?post=526"}],"curies":[{"name":"wp","href":"https:\/\/api.w.org\/{rel}","templated":true}]}}